{"id":30,"date":"2014-09-28T13:23:40","date_gmt":"2014-09-28T13:23:40","guid":{"rendered":"http:\/\/www.cpcoe.org\/?page_id=30"},"modified":"2020-12-26T14:35:33","modified_gmt":"2020-12-26T13:35:33","slug":"contactos","status":"publish","type":"page","link":"https:\/\/www.cpcoe.org\/?page_id=30","title":{"rendered":"CONTACTOS"},"content":{"rendered":"<p><strong>Clube Portugu\u00eas de Coleccionadores de Objectos Escutistas<br \/>\n<\/strong> Rua dos Emigrantes, n\u00ba12<br \/>\nG\u00e2ndara<br \/>\n3840-211 Fonte de Ange\u00e3o<br \/>\nPortugal<\/p>\n<p>NIPC:\u00a0507 336 712<br \/>\nIBAN: PT50004534404021204013989<\/p>\n<p><strong>E-mail:<\/strong> <a href=\"mailto:mail@cpcoe.org\">mail@cpcoe.org <\/a><br \/>\n<strong>Servi\u00e7o de Distribui\u00e7\u00e3o:<\/strong>\u00a0<a href=\"mailto:sd@cpcoe.org\">sd@cpcoe.org<\/a><br \/>\n<strong>Carolas:<\/strong><a href=\"mailto:cpcoe.distribuicao@gmail.com\"> carolas@cpcoe.org <\/a><br \/>\n<strong>P\u00e1gina Oficial do CPCOE no\u00a0<a href=\"https:\/\/www.facebook.com\/cpcoe\" target=\"_blank\" rel=\"noopener\">Facebook<\/a><\/strong><\/p>\n","protected":false},"excerpt":{"rendered":"<p>Clube Portugu\u00eas de Coleccionadores de Objectos Escutistas Rua dos Emigrantes, n\u00ba12 G\u00e2ndara 3840-211 Fonte de Ange\u00e3o Portugal NIPC:\u00a0507 336 712 IBAN: PT50004534404021204013989 E-mail: mail@cpcoe.org Servi\u00e7o de Distribui\u00e7\u00e3o:\u00a0sd@cpcoe.org Carolas: carolas@cpcoe.org P\u00e1gina Oficial do CPCOE no\u00a0Facebook<\/p>\n","protected":false},"author":2,"featured_media":0,"parent":0,"menu_order":0,"comment_status":"open","ping_status":"open","template":"","meta":{"footnotes":""},"_links":{"self":[{"href":"https:\/\/www.cpcoe.org\/index.php?rest_route=\/wp\/v2\/pages\/30"}],"collection":[{"href":"https:\/\/www.cpcoe.org\/index.php?rest_route=\/wp\/v2\/pages"}],"about":[{"href":"https:\/\/www.cpcoe.org\/index.php?rest_route=\/wp\/v2\/types\/page"}],"author":[{"embeddable":true,"href":"https:\/\/www.cpcoe.org\/index.php?rest_route=\/wp\/v2\/users\/2"}],"replies":[{"embeddable":true,"href":"https:\/\/www.cpcoe.org\/index.php?rest_route=%2Fwp%2Fv2%2Fcomments&post=30"}],"version-history":[{"count":13,"href":"https:\/\/www.cpcoe.org\/index.php?rest_route=\/wp\/v2\/pages\/30\/revisions"}],"predecessor-version":[{"id":1243,"href":"https:\/\/www.cpcoe.org\/index.php?rest_route=\/wp\/v2\/pages\/30\/revisions\/1243"}],"wp:attachment":[{"href":"https:\/\/www.cpcoe.org\/index.php?rest_route=%2Fwp%2Fv2%2Fmedia&parent=30"}],"curies":[{"name":"wp","href":"https:\/\/api.w.org\/{rel}","templated":true}]}}