{"id":1211,"date":"2020-04-19T22:09:46","date_gmt":"2020-04-19T21:09:46","guid":{"rendered":"http:\/\/www.cpcoe.org\/?post_type=product&#038;p=1211"},"modified":"2023-06-26T14:44:05","modified_gmt":"2023-06-26T13:44:05","slug":"anilha-comemoracao-do-centenario-em-triangulo","status":"publish","type":"product","link":"http:\/\/www.cpcoe.org\/?product=anilha-comemoracao-do-centenario-em-triangulo","title":{"rendered":"Anilha Comemora\u00e7\u00e3o do Centen\u00e1rio em tri\u00e2ngulo."},"content":{"rendered":"<p><a href=\"http:\/\/www.cpcoe.org\/wp-content\/uploads\/2020\/04\/IMG_20200418_220500.jpg\"><img loading=\"lazy\" decoding=\"async\" class=\"alignnone size-medium wp-image-1212\" src=\"http:\/\/www.cpcoe.org\/wp-content\/uploads\/2020\/04\/IMG_20200418_220500-225x300.jpg\" alt=\"\" width=\"225\" height=\"300\" srcset=\"http:\/\/www.cpcoe.org\/wp-content\/uploads\/2020\/04\/IMG_20200418_220500-225x300.jpg 225w, http:\/\/www.cpcoe.org\/wp-content\/uploads\/2020\/04\/IMG_20200418_220500-768x1024.jpg 768w\" sizes=\"(max-width: 225px) 100vw, 225px\" \/><\/a><\/p>\n","protected":false},"excerpt":{"rendered":"","protected":false},"featured_media":0,"comment_status":"closed","ping_status":"closed","template":"","meta":[],"_links":{"self":[{"href":"http:\/\/www.cpcoe.org\/index.php?rest_route=\/wp\/v2\/product\/1211"}],"collection":[{"href":"http:\/\/www.cpcoe.org\/index.php?rest_route=\/wp\/v2\/product"}],"about":[{"href":"http:\/\/www.cpcoe.org\/index.php?rest_route=\/wp\/v2\/types\/product"}],"replies":[{"embeddable":true,"href":"http:\/\/www.cpcoe.org\/index.php?rest_route=%2Fwp%2Fv2%2Fcomments&post=1211"}],"wp:attachment":[{"href":"http:\/\/www.cpcoe.org\/index.php?rest_route=%2Fwp%2Fv2%2Fmedia&parent=1211"}],"curies":[{"name":"wp","href":"https:\/\/api.w.org\/{rel}","templated":true}]}}